(g) - 5*u(g). Determine a(-3).
-11
Let l(b) be the third derivative of -b**9/60480 + b**8/3360 - b**7/2520 - b**6/720 - 131*b**5/60 - b**2. Let q(x) be the third derivative of l(x). What is q(6)?
-13
Let n(d) = -22 - 17*d - 5*d**2 - 54*d**2 - 15 - 25*d - 12*d**2. Let i(j) = -25*j**2 - 14*j - 12. Let t(q) = -17*i(q) + 6*n(q). What is t(-12)?
6
Let n(w) = w**3 - w**2 - 4*w. Let y be (((-3)/3)/3)/(14/(-420)). Suppose -y*u - 2*g - 10 = -12*u, 11 = 3*u - g. What is n(u)?
6
Let t(l) be the first derivative of l**4/4 + 14*l**3/3 + 8*l**2 - 19*l + 5369. Calculate t(-12).
77
Let u(v) = v**3 + 2*v**2 - 10*v - 19. Let d(g) = -g**2 + 4*g - 1. Let h(b) = 3*d(b) + u(b). Calculate h(0).
-22
Let z(d) = -d**2 - 45*d + 116. Let b be z(-45). Let u(f) = -57*f**2 + b*f**2 + 11*f - 4 + 0 - 60*f**2 - 6. Determine u(8).
14
Let a(l) be the first derivative of -3*l**2 + 26*l + 1863. Calculate a(8).
-22
Suppose 18 - 4 = -2*o. Let s(z) = -4*z - 150 - 247 + 393. Calculate s(o).
24
Suppose -4*c + 111 = 99. Let s(y) = 2 - 78*y**c - y - 2*y + 73*y**3. Determine s(1).
-6
Let z be 1 - (10/1 + (-6 - 3)). Let o(m) be the second derivative of 1/6*m**3 + 5/6*m**4 + 10*m + 0*m**2 + z. Give o(-1).
9
Let d(a) = 2*a - 1. Let z be d(-1). Let i(m) = -4*m + 5. Let l(v) be the first derivative of v**2/2 - v - 14. Let f(x) = i(x) + 5*l(x). Calculate f(z).
-3
Let k(m) = 3*m**2 + 13*m + 19. Suppose 1128*q - 260 = 1193*q. Determine k(q).
15
Suppose 0 = 5*f + r - 25, -r - 30 + 7 = -3*f. Suppose 0 = -5*s - s + 12. Let v(m) = -3*m**3 + s*m**3 - 5*m**2 + 3*m + 10*m**2 + 8. Determine v(f).
-10
Let k(x) be the third derivative of 0*x + 38*x**2 - 1/60*x**5 - 1/12*x**4 + 0 + 1/2*x**3. Determine k(-6).
-21
Let q(j) = -21*j - 378. Let u be q(-18). Let o(y) be the third derivative of 0*y**3 + 5/6*y**4 + 0*y + u - 5*y**2. Determine o(1).
20
Let r be 3/(-4) - (-12259)/52. Suppose 3*f = 4*s - r, -2*f = -3*s - 4*f + 189. Let j(g) = -69*g + 14 - s*g + 131*g. What is j(-6)?
8
Suppose 3*g - 14 = 2*b, -4*g - 4*b = -0*b + 8. Let t(w) = w**2 + w**3 - g*w**2 - 45 + 47. What is t(2)?
6
Let q(j) be the first derivative of -j**4/8 + 10*j**3/3 - 25*j**2/2 - 54. Let l(d) be the second derivative of q(d). Calculate l(8).
-4
Let z(s) = 7*s**3 - 2*s**2 - 36*s - 72. Let x(u) = 15*u**3 - 2*u**2 - 73*u - 151. Let r(o) = -6*x(o) + 13*z(o). Calculate r(16).
2
Let f(t) be the first derivative of t**4/4 - t**3/3 - t**2/2 - 26*t - 1189. What is f(0)?
-26
Suppose 5*v + 10 = 0, -2*j + 48 = -3*v + 36. Let l(n) be the second derivative of 5/6*n**j + 0 - 1/2*n**2 - 18*n. Calculate l(-1).
-6
Let v(y) = 91*y + 4 - 40*y - 25*y - 34*y + 2. Determine v(6).
-42
Let b(i) = i**2 + i - 1. Let p(t) = -10*t - 36. Let k be p(-23). Let r = k - 194. Give b(r).
-1
Let g(d) = 2*d**2 - 5*d - 1. Let l = 191 - 188. Determine g(l).
2
Let q(p) = -11*p**2 - 14844*p**3 + 12*p - 14848*p**3 - 14845*p**3 + 3 + 44539*p**3. Calculate q(4).
3
Let s(j) = 2*j**2 + 723*j - 224*j - 102 - 245*j - 224*j. Give s(3).
6
Let q = 173 + -171. Suppose q*x + 2 = -8. Let i(b) = 3*b**3 - 12*b**2 - 12*b + 6. Let z(s) = s**3 - 6*s**2 - 6*s + 3. Let p(y) = -2*i(y) + 5*z(y). What is p(x)?
8
Let c(t) = -2 + t - 4 - 2 - 2. Let i(w) = -10*w - 9*w**2 + 7*w**3 - 5*w**3 - 3*w**3 - 11. Let m be i(-8). What is c(m)?
-5
Let j(w) = w**3 + 6*w**2 - 6*w + 8. Let y(q) = q**2 + 16*q - 111. Let m be (7/2)/((-79)/474). Let x be y(m). What is j(x)?
44
Let j(r) = 1304 - 18*r - r**3 + 11*r - 1299 + 2*r**2. Give j(2).
-9
Let x(l) be the third derivative of -l**5/60 - 7*l**4/24 + 2*l**2. Suppose -3282 = 369*b + 178*b. Give x(b).
6
Let f be (25/5 - (-497)/(-42)) + 1/(-6). Let k(s) = s**2 - 9. Give k(f).
40
Let z(h) = -h**2 - 4*h. Let a(x) = 24*x**3 - 3*x + 2. Let m be a(1). Suppose 0 = -26*l + m*l + 6. Let p be (l - 1)*(-9 + 4). What is z(p)?
-5
Suppose 4*j + 4*d + 68 - 24 = 0, 3*d - 15 = 0. Let g(i) = i**2 + 17*i + 19. Determine g(j).
3
Let z(r) = r**2 + 6*r - 6. Let n be z(-6). Let d(w) be the third derivative of 0 - 1/24*w**4 + 0*w**3 - 44*w**2 + 0*w. Determine d(n).
6
Let u(r) = -5*r**3 - 12*r**2 - 3*r + 15. Suppose 34*a - 10 = 36*a. Let o(w) = -4*w**3 - 11*w**2 - 4*w + 14. Let h(x) = a*u(x) + 6*o(x). Give h(7).
-5
Let s(p) = -p**2 - 3*p - 4. Let k be s(-2). Let r(x) be the second derivative of x**3/6 + x**2 - 4*x + 7. Determine r(k).
0
Let c = 8643 - 8647. Let l(s) = 4*s - s - s. Determine l(c).
-8
Let r(j) = 12 - 19 - 2*j + 6. Let l be r(-4). Let b(p) = p**3 - 7*p**2 + 4. What is b(l)?
4
Suppose -2409*n = -2403*n - 48. Let b(v) = -v**2 + 15*v - 52. Give b(n).
4
Let k(a) = -a**3 - 4*a**2 - 3*a - 1. Let l be 129/86*-3*((-4)/(-9))/2. What is k(l)?
-1
Let z(f) = f**2 - f - 4. Let l be z(3). Let j(u) = 140*u + 2 + u**l - 4 + 4 - 133*u. Give j(-3).
-10
Let z(p) = -13*p - 441. Let f(d) = 7*d + 250. Let r(m) = -5*f(m) - 3*z(m). Calculate r(-25).
-27
Let r(x) = -4*x - 18. Let o(b) = 3*b**2 + 11*b + 1. Let d be 15 - 13 - (10 + -5). Let l be o(d). Calculate r(l).
2
Let k be 5 - 10*32/20. Let l(j) = j**3 - 9*j**2 + 3*j + 5. Let s(q) = 2*q**3 - 8*q**2 + 4*q + 6. Let v(z) = 3*l(z) - 2*s(z). Give v(k).
-8
Let o(g) = g**3 - 16*g**2 + 5*g - 54. Let m be (-2 + 98/(-7))*(-3 + 2). Give o(m).
26
Let y = -10 - -16. Let p(s) = -2*s - 23. Let f(q) = 3*q + 22. Let r(b) = 2*f(b) + 2*p(b). Determine r(y).
10
Let y(g) = g**3 + 5*g**2 + 5*g + 2. Let s(p) = 2*p**3 + p - 2. Let w be s(-2). Let h = w - -16. Let l be h*((-8)/(-4) - 10/8). Determine y(l).
5
Let k(q) = q**3 + 9*q**2 - 15. Let m be 3 + 54/(-5) - -15*(-18)/225. What is k(m)?
-15
Let x(u) = -u**3 - 5*u**2 + 7*u + 9. Let c be x(-6). Let o(l) = c + 3*l + 3 - 4. Let d(s) = s**3 - 8*s**2 - 11*s + 106. Let w be d(4). What is o(w)?
-4
Suppose -2*p = -3*p - 2. Let s(t) = -t**2 - 4*t - 3. Let v(u) = -u**2 - 1. Let q(h) = p*v(h) + s(h). Determine q(3).
-4
Let p(u) = 2*u. Let x = -52 + 52. Let o be (75 - x)/(19/19). Let q = 74 - o. Give p(q).
-2
Let n(g) be the third derivative of g**4/24 + 3*g**3/2 - 24*g**2 - 8*g. Calculate n(-8).
1
Let z(m) be the third derivative of m**5/30 - 5*m**4/24 - 3*m**3/2 - 4186*m**2. Determine z(5).
16
Suppose -p + 19 + 0 = 5*q, 5*q - 3 = 3*p. Let b(t) = -t + p*t + 5 - 8 - 8 - 2*t. Calculate b(5).
-6
Let u(x) = -x**3 - 60*x**2 - 111*x + 303. Let h be u(-58). Let m(t) = -t**2 + 10*t + 34. Give m(h).
-5
Let g(u) = -29*u + 3. Suppose 5*c = -5*z - 15, -5*c - 1187*z + 15 = -1188*z. What is g(c)?
-55
Let t = 12791 + -12795. Let o(a) = -22*a - 78. Determine o(t).
10
Let u(v) = -v - 3. Let l(s) = -s - 33. Let b be ((-1020)/945 + (-2)/(-9))*-7. Suppose -2*k + 2*p = b*p + 46, -5*k - 115 = -4*p. Let d be l(k). Determine u(d).
7
Let f(i) = -142443*i**3 + 71218*i**3 + 71226*i**3 - 4 - 22*i - 9*i**2 + 8. Give f(11).
4
Let z(n) = -46*n - 142. Let w = 30060 - 30063. Give z(w).
-4
Let y = 10232 - 10215. Let i(q) = -q**2 + 21*q - 58. What is i(y)?
10
Suppose 7*l - 10*l = -18, -a - 2*l = -16. Let g(s) be the second derivative of 0 - 1/6*s**3 - 1/20*s**5 + 24*s - 1/2*s**2 - 1/3*s**a. What is g(-3)?
-7
Let w(g) = 3*g**2 - 4*g + 2. Let z(y) = -4*y**2 + 3*y - 1. Let b(j) = -2*w(j) - 3*z(j). Suppose -564*h - 27 = -591*h. Calculate b(h).
4
Let n(i) = 4*i**2 - i. Let j(h) = 14*h**2 - 4*h + 13. Let t(d) = -j(d) + 4*n(d). Calculate t(0).
-13
Let c be (9/18)/((-2)/(-76)). Let o(j) = -c + j - 4*j + 2*j. Let y be (-2 + 2/1)/(11 - 9). Determine o(y).
-19
Let m(t) = -850878 + t**2 + 3*t**2 + 2*t**2 - t**2 + 0*t**3 + t**3 - 7*t + 850870. Let p(s) = s**2 + 6*s - 1. Let y be p(-5). Give m(y).
-2
Let q(u) = -u**2 - 15*u - 24. Let h be 7 + (5 - 26 - -8 - 3). What is q(h)?
30
Let v(n) = -2*n**3 + 27*n**2 - 11*n - 25. Let t be 5*1 + 8/(10 - -1 - 10). Calculate v(t).
1
Let g(o) be the first derivative of 2*o**3/3 + o**2/2 + 2*o - 55. Let s be (-20)/(-11) - 72/(-396). Determine g(s).
12
Let s be (-2)/(-3 + (-74)/(-26)). Let j(g) = g**3 - 4*g**2 + 2. Let p be j(4). Let b(z) = -3*z - 6*z + s*z - p. What is b(2)?
6
Let q(x) = -6*x**3 - x**2 - 2*x + 1. Let r be (10 - (32 + 169/(-13))) + 2 + 5. Calculate q(r).
49
Suppose -2*j - 4*g = 2*j, 3*j = 5*g + 40. Suppose -j*k - 2*m + 3 = -0*k, -4*m = -k - 17. Let s(w) = -w + 2*w - 5*w**2 - 9 + w + 10. Give s(k).
-6
Let o(k) = -3*k**2 + 189*k - 910. Let l be o(5). Let c(t) = 9*t - 2. Let g be c(5). Let i = g + l. Let x(v) = -v**3 + 3*v**2 - v - 4. Wh